17*o - 40. Calculate q(o).
-7
Let x = 172 + -179. Let f(y) = -y**2 - 7*y - 1. What is f(x)?
-1
Let f(n) = -3*n. Let q(y) = y. Let d(a) = f(a) + 2*q(a). Let j(v) = -v - 5. Let b be j(-10). Suppose -x = 4*g - 10, b*x - 1 - 1 = 4*g. Determine d(g).
-2
Let v(a) = 8*a**2 - 11*a - 6. Let n(y) = -7*y**2 + 10*y + 5. Let p(k) = -7*n(k) - 6*v(k). Calculate p(3).
-2
Suppose -2*d - 25 = -7*d, 5*d = 4*s - 7. Let j be 3*(-2 + s/6). Let k(u) = 0 + 3 + 5*u + 0*u**2 + u**2. What is k(j)?
-3
Let g be -3 + (2 - -1) + -4. Let i(o) = -o + 3. Calculate i(g).
7
Suppose 4*v + 16 = -4*u, 0*v = -3*u + v - 4. Let l(x) be the second derivative of x**3/3 - x**2 + 5*x. Calculate l(u).
-6
Let d be ((-52)/(-16))/(3/12). Let o(p) = 15*p - 4 - d*p + 4. Determine o(5).
10
Let z(t) = -t + 33*t**2 - 5*t**2 - 62*t**2. Determine z(-1).
-33
Let w be (-8)/(-32) + 27/(-12). Let m(o) = o**2 - o - 1. What is m(w)?
5
Let c(r) be the first derivative of -r**2 - 7*r - 3. What is c(-5)?
3
Let f(g) = 5*g**2 - 5*g**2 - 2 + 3 + g**2 + g. Let r(u) = -2*u**2 - 8*u + 1. Let p(v) = 3*f(v) + r(v). Give p(4).
0
Suppose 4*p = -s - 2*s + 11, 4*p - 5*s - 3 = 0. Let v(j) = j**3 - 6*j**2 + 2*j - 7. Let k be v(6). Let q(y) = -5*y - 3 - y**2 + k*y**2 - 3*y**p. Calculate q(5).
-3
Let r(i) = i**2 - 5*i - 1. Suppose 3*t + 3 = -2*k, 5*t + 4 + 1 = k. Suppose 0 = -h + 4*x + 32, -12 = -4*h - 2*x + 62. Suppose -4*c = -k*c - h. Calculate r(c).
-1
Suppose -12 = 3*u - u. Let m(c) = -2*c**2 - 2 + 5 + 3*c**2 + 12*c + 5. Let j(k) = -k**2 - 11*k - 7. Let q(b) = u*m(b) - 7*j(b). Determine q(-4).
-3
Let f(r) be the first derivative of -r**2 + 4*r + 42. Calculate f(-5).
14
Let y = -40/7 - -487/84. Let v(a) be the third derivative of 0 + 2*a**2 + 0*a - y*a**4 + 1/6*a**3 + 1/5*a**5. What is v(1)?
11
Let g(v) = 2*v**2 - v. Let c = -24 - -24. Suppose 0 = -3*n - n - 12, 2*j = -4*n - 14. Let d = j + c. Determine g(d).
3
Let p(l) = l**3 + 5*l**2 + 2*l - 2. Let y = -5 + 7. Suppose k - y*o = 2, o + 0 = -2. Give p(k).
6
Let b(j) = -8*j**2 - 3*j + 3. Let v = -8 + 13. Let d(z) = -7*z**2 - 2*z + 3. Let m(c) = v*b(c) - 6*d(c). What is m(-2)?
11
Let b(g) be the second derivative of -g**5/20 + 5*g**4/12 - 5*g**3/6 + g**2/2 + 2*g. Suppose -6*l + 0 = -24. Give b(l).
-3
Let z(h) = -h**2 - 2*h + 4. Let c be (9/(-12))/(2/8). Let g be z(c). Let b(d) = d - 2. What is b(g)?
-1
Suppose -4*f - 5 - 13 = -b, -5*b + 18 = -2*f. Let d(t) = -1 - b + 0*t**3 - 2 - t**3. Determine d(0).
-5
Let h(n) = 2*n + 5. Let z(w) = 1. Let j(u) = u**3 - 6*u**2 + 6*u - 6. Let a be j(5). Let s(m) = a*h(m) + 6*z(m). Suppose -2*o + 7*o + 5 = 0. Give s(o).
3
Suppose 5*z - 20 = -2*s, z + 3*s = -2*z + 3. Let q be (-4)/(-10) - z/(-10). Let n(c) = 1 - 4*c**3 - 20*c**2 + 14*c**2 + 6*c**2. Give n(q).
-3
Let c(d) = 0*d**3 - 28 + 18 + 3*d**2 - d**3 - 9*d - 11*d**2. Give c(-7).
4
Let y(j) = 3*j + 1. Let h(k) = -8*k - 3. Let f(n) = -2*h(n) - 7*y(n). Let m(i) = -i**3 - 8*i**2 - 6*i + 8. Let v be m(-7). What is f(v)?
-6
Let v be 12 - (0/2 + 2). Let o = v - 14. Let i(h) = 2*h + 7. Let x(c) = 1. Let s(r) = -i(r) + 6*x(r). What is s(o)?
7
Let m(s) = 30 - s - 30. Calculate m(0).
0
Let r be 8/(-2)*(-2)/(-4). Let c(y) = 4*y - 9. Let h be c(7). Let m(a) = -h + a + 18 - 2*a. Give m(r).
1
Suppose -2*b = -d - 7*b + 9, 2*d - 5*b = -12. Let t(f) = f**2 + 2*f**3 - 3*f**2 - 4*f**3 + 1. Calculate t(d).
1
Suppose -3*a = -a - 36. Suppose -4*p - 2 - a = 0. Let c(q) = -q**2 + 5*q - 4. Let t(m) = 3*m**2 - 11*m + 7. Let o(j) = -5*c(j) - 2*t(j). Give o(p).
-4
Let b(u) = u - 5. Suppose 0 = -2*j + 3*j. Give b(j).
-5
Let y(z) = 4*z**2 + 24*z - 34. Let b(o) = -3*o**2 - 16*o + 23. Suppose 0 = -4*s + 2*w + 28, -2*w + w + 6 = 2*s. Let g(f) = s*y(f) + 7*b(f). Give g(6).
3
Let k = 3 - 1. Let p(v) = -2*v**3 + k*v**2 - 1 + 4*v**3 + 2*v**3 - 5*v**3 + v. Determine p(3).
-7
Let k(w) = -w**3 + w**2 + 8*w + 6. Let h(o) = o**2 + o + 1. Let i(b) = 5*h(b) - k(b). Suppose 4*x = -u + 8, -x = -3*u - 6 - 9. Determine i(u).
11
Let n be (-4)/(-8)*-2 - -6. Let u(l) = -1. Let w(x) = -x - 1. Let h(s) = 5*u(s) - w(s). Calculate h(n).
1
Let y(x) = -x**3 + 8*x**2 + 7*x - 10. Let o(w) = -w**3 + 7*w**2 + 7*w - 9. Suppose -18 + 6 = 4*m. Let v(b) = m*y(b) + 4*o(b). Calculate v(5).
4
Let d(v) be the second derivative of v**3/3 + 5*v**2 + 4*v. Calculate d(-8).
-6
Let i(h) be the third derivative of h**5/60 - h**4/4 - h**3/3 + 8*h**2. Suppose -7*u - 5*x + 11 = -3*u, -5*x - 13 = -2*u. Let g = u - -1. Give i(g).
-7
Suppose -20 = -0*t - 3*t - 4*x, -2*t = x - 5. Let a = 5 + t. Let r(z) = -z**2 + 4*z - 6. Determine r(a).
-11
Let c = -2 - -3. Let n = c + -1. Let z(l) be the second derivative of l**4/12 + 3*l**2 - l. Calculate z(n).
6
Let v(p) = p**2 + 8*p - 1. Suppose 8 = 2*w, -2*n = -0*n + w - 12. Suppose n*m + m - 14 = -k, -2*k + 5*m = 32. Calculate v(k).
-13
Let n(u) be the first derivative of 2*u**3/3 - u - 17. Suppose 2 - 3 = x. Determine n(x).
1
Let z(k) = -2*k - 18. Let t be z(-8). Let w(s) = -2*s**2 - 2*s. Determine w(t).
-4
Let u(j) be the first derivative of -j**3/3 + j**2/2 - j + 2. Give u(0).
-1
Let u = 0 - -3. Suppose -4*o - 28 = -3*m, u*o - 4 = -m - o. Let t be (-2)/(-8) + 6/m. Let l(j) = -5*j + 1. Give l(t).
-4
Let n(f) = 6*f**2 + 7*f - 10. Let y(o) = -7*o**2 - 7*o + 11. Let j(i) = 6*n(i) + 5*y(i). Let w(k) = -k**2 - 14*k - 8. Let l be w(-14). Calculate j(l).
3
Let h be (1 + 0 - -4)*3/(-5). Let t(g) = 2*g**2 + 4*g + 2. Determine t(h).
8
Let w(m) be the second derivative of m**4/12 + 5*m**3/6 + m. Suppose 3*d + d = -20. Calculate w(d).
0
Let p = 5 + 0. Suppose -2*t + p = -5. Let r(f) = f - 14. Let y(d) = -2*d + 29. Let z(g) = -13*r(g) - 6*y(g). What is z(t)?
3
Let y(d) be the first derivative of d**2/2 - 12*d - 18. Let k = 10 + -5. Calculate y(k).
-7
Suppose -d - 2 = -o, 0*o = -5*o + 25. Suppose -d = -l + 4*l. Let y(m) = 5*m**2 - 1. Calculate y(l).
4
Let p(w) = -w**3 + w + 2. Let s(t) = -4*t**3 + 4*t + 6. Let j(y) = -7*p(y) + 2*s(y). Determine j(-2).
4
Let t(d) = -d**2 + 4*d + 4. Let w be t(4). Let q(c) = c + w - 3 + 0*c. Let s be 5/(-35) + 40/(-14). What is q(s)?
-2
Let g(s) = 4 + 3*s**2 + 1 + 2*s**2 + 3*s + s**3. Suppose -3*p + 31 = -5*l, 4*l + 8 = -2*p - 8. Calculate g(l).
-10
Let u(x) be the second derivative of x**4/12 + x**3/2 - x**2 + 8*x. Suppose 0*t - 2*t = -3*c, -4*c - 5 = -t. Give u(t).
-2
Let k(n) = -n**3 + 2*n**2 + 4*n - 3. Let a = 32 + -18. Suppose 5*x + m = a, 2*x - 3*x - 4*m + 18 = 0. Suppose x*b - 6 + 0 = 0. Determine k(b).
0
Let m(w) = w + 4. Let b(s) = -7*s**2 - 2*s + 1. Let q be b(1). Let n = -8 - q. What is m(n)?
4
Let s(n) = n**2 - 2*n - 4. Suppose 0*u + 6 = 2*u. What is s(u)?
-1
Let x(u) = -3*u. Let c(i) = -7*i + 1. Let d(p) = 2*c(p) - 5*x(p). Give d(-6).
-4
Let h(r) = r**2 + r + 1. Let m be 201/(-18) + (-2)/(-12). Let y(o) = -o**3 - 11*o**2. Let f be y(m). Give h(f).
1
Suppose -3*m - 17 = -3*h - 4*m, -h - 4*m + 24 = 0. Let v = 1 - h. Let w(c) be the second derivative of -c**3/6 + c**2/2 + 2*c. Give w(v).
4
Let b(u) = 4*u + 1. Let d(c) = 7 + 3*c - 4 - 1. Let i(v) = -5*b(v) + 6*d(v). Let l be 4/(-6) - (-34)/6. Determine i(l).
-3
Let c(z) = -z**2 - 4*z + 7. Let y be c(-5). Let n(s) = -4*s**2 + 3*s**2 + 3*s**y + 0*s - s. Calculate n(1).
1
Let n = 24 - 25. Let a(h) = 2 - 2 - h + 1 - 2 + 4*h**2. Give a(n).
4
Let v(m) = -5*m**3 - 9*m**2 - 7*m - 6. Let q(g) = -4*g**3 - 8*g**2 - 6*g - 5. Let c be (-2)/(-3) - (-30)/9. Let t(o) = c*q(o) - 3*v(o). What is t(-4)?
-6
Let u(m) = -m - 4. Let l(k) = -2*k. Suppose 0 = -2*v + 15 - 1. Let q be l(v). Let c be (0 + 0)*(-7)/q. Determine u(c).
-4
Let q(a) = 3*a**2 - 16*a + 19. Let o(k) = 2*k**2 - 11*k + 13. Let f(x) = 8*o(x) - 5*q(x). Determine f(7).
2
Let k(x) = x. Suppose 5*l = -0*l + 30. Let n be (2/l)/(15/315). Give k(n).
7
Suppose 5*t = -15, 4*h + 5*t - 8 = t. Let k(o) = -3*o**2 - o**3 - 2 - h*o + 3*o**2 - 5*o**2. Let y be (3 + -5)/(1/2). Determine k(y).
2
Let y(d) = 2*d**3 - 7*d**2 - 12*d + 1. Let g(t) = -5*t**3 + 13*t**2 + 25*t - 1. Let o(x) = 3*g(x) + 7*y(x). What is o(-9)?
4
Let g(i) be the second derivative of 0*i**3 - 1/4*i**4 + 0*i**2 - 1/360*i**6 - 1/40*i**5 + 0 + i. Let h(n) be the third derivative of g(n). Determine h(4).
-11
Let i = 9 - 6. Let c be (10/(i/(-3)))/(-2). Let p(g) be the first derivative of -g**4/4 + 4*g**3/3 + 3*g**2 + 5*g + 2. Give p(c).
10
Let v(g) be 